nvert -aadd (base 14) to base 8.
-71633
1102 (base 6) to base 16
fe
Convert 17 (base 15) to base 2.
10110
Convert 25b24 (base 12) to base 11.
35952
What is -1311 (base 4) in base 11?
-a7
What is -2d98 (base 14) in base 15?
-264a
Convert 1554 (base 8) to base 3.
1012110
Convert 96 (base 11) to base 5.
410
-8655 (base 13) to base 8
-44344
Convert -262 (base 10) to base 3.
-100201
Convert -114504 (base 6) to base 11.
-7670
What is 2442a (base 11) in base 2?
1000100100110010
Convert -1022020222 (base 3) to base 4.
-12101213
What is -100212231 (base 4) in base 12?
-33439
-15b17 (base 12) to base 10
-30979
Convert -15724 (base 9) to base 2.
-10101000101011
Convert 25a (base 12) to base 13.
217
Convert 212000 (base 3) to base 9.
760
What is 561 (base 16) in base 8?
2541
-10110011101 (base 2) to base 4
-112131
813b (base 13) to base 2
100010110000011
What is -143125 (base 6) in base 11?
-a29a
14133 (base 10) to base 6
145233
What is -10120022 (base 3) in base 9?
-3508
Convert -11103 (base 4) to base 11.
-289
What is -66 (base 10) in base 12?
-56
What is -15161 (base 8) in base 3?
-100021201
Convert 9754 (base 11) to base 7.
52365
What is -15e7 (base 15) in base 10?
-4717
What is 1013501 (base 6) in base 13?
19285
Convert -1112122 (base 3) to base 9.
-1478
Convert 98b (base 12) to base 5.
21103
What is -311111 (base 4) in base 7?
-12644
What is 63c (base 14) in base 16?
4ce
Convert -45475 (base 8) to base 4.
-10230331
-13010 (base 4) to base 10
-452
What is -37b5 (base 14) in base 7?
-40315
Convert -202304 (base 5) to base 14.
-257d
Convert 5682 (base 12) to base 14.
36dc
Convert 25140 (base 9) to base 11.
1175a
3a16 (base 11) to base 7
21135
Convert 1123 (base 7) to base 11.
342
Convert -6b32 (base 15) to base 9.
-34212
134f (base 16) to base 13
2333
What is 217 (base 10) in base 11?
188
Convert 4275 (base 11) to base 12.
3328
What is 22221 (base 3) in base 2?
11110001
Convert 10780 (base 10) to base 12.
62a4
What is 422 (base 7) in base 15?
e2
What is -1aebd (base 15) in base 7?
-513460
What is 1411203 (base 5) in base 3?
1110200102
Convert -26152 (base 7) to base 12.
-402a
28105 (base 9) to base 14
6d20
Convert -332 (base 4) to base 8.
-76
-1187 (base 9) to base 16
-379
400 (base 15) to base 2
1110000100
Convert -2939 (base 13) to base 4.
-1131023
Convert 270b (base 15) to base 16.
2090
Convert 1332 (base 4) to base 15.
86
Convert 19a8 (base 13) to base 10.
3856
Convert 1001110010101100 (base 2) to base 16.
9cac
What is 570 (base 9) in base 11?
396
-30322 (base 5) to base 2
-11110101010
4412 (base 6) to base 13
602
-ea3 (base 15) to base 4
-303213
17 (base 14) to base 7
30
Convert -46140 (base 7) to base 11.
-8902
Convert -3213 (base 4) to base 11.
-1a0
What is -737 (base 8) in base 12?
-33b
Convert -11031 (base 4) to base 14.
-19b
What is 28271 (base 9) in base 2?
100101011101100
12201110 (base 3) to base 15
1380
Convert 32a5 (base 11) to base 16.
10fe
Convert 1709 (base 16) to base 6.
43145
1070 (base 8) to base 12
3b4
-100000010111110 (base 2) to base 3
-211201212
Convert -61a (base 12) to base 9.
-1184
What is 213b (base 13) in base 14?
1977
What is 400 (base 10) in base 7?
1111
What is -20 (base 16) in base 12?
-28
What is c0 (base 16) in base 9?
233
1b5 (base 13) to base 11
269
4ab6 (base 13) to base 16
2983
-4a (base 11) to base 14
-3c
Convert 179 (base 16) to base 3.
111222
2203 (base 6) to base 9
623
What is -343404 (base 5) in base 2?
-11000001000010
What is -88aa (base 11) in base 2?
-10110111011000
Convert 101110010111 (base 2) to base 6.
21423
What is -4be (base 16) in base 15?
-55e
Convert -b82 (base 14) to base 7.
-6422
Convert -15626 (base 10) to base 13.
-7160
What is 3125 (base 6) in base 2?
1010111101
Convert -3545 (base 7) to base 8.
-2433
-2331223 (base 4) to base 8
-27553
What is -23101 (base 4) in base 12?
-501
What is 10442 (base 7) in base 16?
a43
1101111101011 (base 2) to base 9
10721
28627 (base 11) to base 13
15698
What is 1030 (base 11) in base 9?
1775
What is 432 (base 13) in base 3?
222120
Convert 23323 (base 5) to base 13.
a1a
-602 (base 7) to base 2
-100101000
Convert -68a0 (base 12) to base 2.
-10110101111000
What is -31202 (base 4) in base 11?
-718
Convert -4622 (base 7) to base 11.
-129a
-7e9 (base 15) to base 8
-3402
What is -285 (base 13) in base 6?
-2023
401 (base 10) to base 14
209
Convert -266 (base 14) to base 3.
-122212
d54 (base 14) to base 13
1269
Convert 74 (base 15) to base 12.
91
What is 19012 (base 10) in base 6?
224004
4525 (base 7) to base 12
b44
What is -8a6 (base 12) in base 6?
-5530
Convert 6376 (base 9) to base 11.
3580
Convert 10033 (base 6) to base 9.
1723
-2010101 (base 3) to base 7
-4342
-2442 (base 6) to base 13
-374
3612 (base 12) to base 9
8275
-6343 (base 9) to base 5
-122111
Convert -2430 (base 7) to base 16.
-387
-116 (base 9) to base 8
-140
Convert -2126 (base 9) to base 2.
-11000011011
What is -10101100110 (base 2) in base 10?
-1382
Convert -459 (base 10) to base 6.
-2043
-434 (base 11) to base 6
-2225
45 (base 7) to base 3
1020
What is -40144 (base 5) in base 11?
-1a08
What is -aa1 (base 12) in base 16?
-619
Convert -1eb (base 15) to base 7.
-1205
-1342 (base 10) to base 2
-10100111110
Convert 10101210 (base 3) to base 9.
3353
7421 (base 10) to base 13
34bb
What is 102110101 (base 3) in base 5?
231403
115c8 (base 15) to base 12
28015
4237 (base 12) to base 3
100221021
3382 (base 12) to base 3
21211122
Convert -242340 (base 5) to base 10.
-9095
What is 414 (base 7) in base 14?
10b
What is 1010101110 (base 2) in base 10?
686
1222011 (base 3) to base 5
21220
102120 (base 3) to base 5
2222
-3032 (base 13) to base 9
-10078
Convert 23443 (base 9) to base 2.
11110100111000
What is -4563 (base 9) in base 8?
-6462
-21022110 (base 3) to base 7
-21354
Convert -32131 (base 5) to base 9.
-2866
-1001010100010 (base 2) to base 4
-1022202
Convert -43a (base 12) to base 5.
-4442
What is 110 (base 16) in base 7?
536
6346 (base 9) to base 11
3556
Convert -532410 (base 6) to base 12.
-21106
-11100110001 (base 2) to base 13
-ab8
f76f (base 16) to base 12
307a7
What is -1a99 (base 16) in base 4?
-1222121
What is 200010 (base 3) in base 16?
1e9
16c0 (base 14) to base 12
2448
-211121 (base 3) to base 12
-42a
Convert -11001110100000 (base 2) to base 8.
-31640
-3021 (base 5) to base 4
-12002
Convert -ab9 (base 14) to base 13.
-c74
-215 (base 12) to base 16
-131
Convert -1540 (base 13) to base 3.
-11020121
What is 757 (base 10) in base 11?
629
14446 (base 7) to base 12
2397
-a442 (base 12) to base 13
-81c5
-879 (base 12) to base 6
-5433
Convert 31321 (base 4) to base 15.
3e4
Convert 64e (base 16) to base 15.
729
Convert -c8 (base 16) to base 2.
-11001000
What is 220201 (base 3) in base 11?
557
What is -33223 (base 4) in base 5?
-13003
What is -3202 (base 7) in base 12?
-7a1
What is 2214 (base 5) in base 10?
309
30 (base 11) to base 4
201
-440302 (base 5) to base 16
-3ae5
Convert 21521 (base 13) to base 5.
3411231
What is 10b8 (base 16) in base 11?
3241
What is -1454110 (base 6) in base 13?
-2c9a9
Convert -1518 (base 13) to base 2.
-101111110111
d0 (base 14) to base 12
132
-c10 (base 13) to base 7
-5644
-3bc (base 15) to base 7
-2325
1a18 (base 15) to base 4
1120100
Convert -4615 (base 10) to base 5.
-121430
Convert -3189 (base 10) to base 12.
-1a19
What is 4110 (base 7) in base 4?
112110
What is -104343 (base 5) in base 7?
-13566
What is -1053 (base 9) in base 13?
-47a
Convert 1527 (base 11) to base 10.
1965
-10101010110 (base 2) to base 6
-10154
Convert 2122 (base 3) to base 6.
155
Convert -13203 (base 4) to base 8.
-743
949 (base 13) to base 4
120232
What is 100110010001 (base 2) in base 3?
10100201
304 (base 12) to base 14
232
24303 (base 5) to base 9
2451
Convert 242 (base 12) to base 15.
178
Convert -1265 (base 10) to base 13.
-764
-1003033 (base 4) to base 9
-5811
-4511 (base 8) to base 15
-a87
What is 54113 (base 6) in base 13?
3495
Convert -222210121 (base 3) to base 9.
-28717
What is -607 (base 9) in base 10?
-493
-316 (base 7) to base 16
-a0
What is -100110110 (base 2) in base 3?
-102111
What is -4337 (base 10) in base 3?
-12221122
3705 (base 8) to base 14
a21
Convert 1111000111011011 (base 2) to base 13.
22249
Convert 102 (base 11) to base 8.
173
-542 (base 15) to base 3
-1121222
What is -208 